What is (0 - (-7 - -2)) + 0 - 9?
-4
Evaluate 4 - 3 - (4 + -6) - 8.
-5
0 + -1 + -3 + 1 + -4
-7
(-9 - (7 - 13)) + 7
4
8 - (-8 + (4 - -10))
2
What is (3 - (-2 - -3)) + 4 + -1?
5
Evaluate -6 + 10 + -5 + 2 - 5.
-4
(3 - 2) + 7 - (1 + 2)
5
-1 - (3 - -1) - 0
-5
9 - -1 - (-228 - -230)
8
What is -8 - -22 - (4 + 9)?
1
3 + 5 + (-4 - 9)
-5
What is -5 - (-2 + -1) - (1 + -1)?
-2
-4 + 2 + (-1 - (1 + 2))
-6
7 + -19 + 8 + 8
4
Calculate 2 + (-9 - -4) + (0 - -2).
-1
What is 2 + (-5 - -2) - (-7 - -5)?
1
Calculate 17 - 20 - (1 + -1 + -7).
4
Calculate -8 + 5 - (5 + -4 + -4).
0
Calculate -1 + (-6 - -4) + 2.
-1
What is 7 + (1 - 1) + -2?
5
Calculate (3 - (-4 + 2)) + -4 + -1.
0
What is 5 - ((25 - 22) + (-1 - -8))?
-5
-8 + (-6 - -15) - 5
-4
What is 0 - 2 - (9 + -8)?
-3
2 - (4 + 2 + -3)
-1
(-8 - -11 - (-2 + 1)) + -1
3
What is the value of -17 + 1 - (16 + (-43 - -20))?
-9
Evaluate 1 + (-1 - -1) + 12 + -15.
-2
What is the value of 4 - (9 - (3 - -1))?
-1
What is -3 + 4 + (0 - 3)?
-2
What is the value of (-10 - -3) + (7 - 5) + 2?
-3
Evaluate (-2 + -5 - 6) + 8.
-5
Evaluate (1 - (1 - 8)) + -4.
4
Evaluate (-2 - 3 - -7 - 5) + 2.
-1
Evaluate -5 + 10 - 5 - 0.
0
Evaluate 5 + (-6 - -12 - 5 - 7).
-1
What is 22 + -31 + (3 + 0 - 2)?
-8
What is (-1 - (-5 - -3) - 0) + -2?
-1
What is -15 - -20 - (6 + -1)?
0
What is the value of (-2 - -3) + -1 + (1 - 6)?
-5
Evaluate 0 + (-1 - (-2 + -7) - 15).
-7
What is 4 - ((-1 - -2) + -2 + 4)?
1
What is the value of -4 + -1 + (-3 - -10) + -6?
-4
Evaluate 4 + (0 + -11 + -2 - -3).
-6
Calculate -3 + -2 + -4 + 10.
1
What is 4 + (1 - -2 - 3) + -2?
2
3 + -3 + (-2 - -2) + 1
1
What is -8 - -12 - (2 - 2)?
4
Calculate (5 - -5) + -2 + -9.
-1
What is 7 - (-2 - (6 - 15))?
0
Calculate -1 + (-1 - 0) + 3 + -1.
0
What is 1 - (1 + (5 - 3))?
-2
Calculate 0 - (-2 + -2 + -4 + 5).
3
Calculate 4 + -6 + 5 - 7 - 0.
-4
-5 + 1 - -1 - -1
-2
Calculate 0 + (1 - (1 - 0)).
0
(-1 + 1 - -3) + (-113 - -112)
2
Evaluate (-3 - 1) + (15 - (9 - 3)).
5
What is the value of (30 - 27) + -1 + 2?
4
What is the value of (-8 + 7 - (2 + -2)) + 1?
0
(6 - 1) + -5 + -2 + 0
-2
Calculate -72 - -71 - (0 + -1).
0
-1 - (3 - -5 - 4)
-5
What is -4 + (0 - (3 + -3)) + 1?
-3
Calculate -3 + 12 + 1 + -12.
-2
Evaluate (1 - (0 + -2)) + (2 - 2).
3
What is 4 - ((1 - 0) + -4 - -3)?
4
Evaluate 13 + -9 + -1 - (1 + -1).
3
What is the value of 7 + -1 + 27 + -33?
0
What is the value of -18 + 1 - (7 - 17)?
-7
Evaluate (-7 - -3 - (6 + -11)) + 2.
3
What is (1 - 1 - 0) + 2?
2
Evaluate 4 + 0 - 1 - 0.
3
Evaluate -2 + (-10 - -5) + 10.
3
-2 - (-5 + 4 + 2)
-3
What is 5 - ((0 - -1) + 5)?
-1
What is the value of 0 + 6 + 0 + -5 + 4?
5
Evaluate -3 + 5 + 8 + -9.
1
What is the value of (-1 + 3 - (-4 - -2)) + 1?
5
Calculate ((0 - 3) + -2 - -3) + 0.
-2
Calculate 5 - (13 + (3 - 10)) - -3.
2
Calculate (7 - 10) + (6 - 0).
3
Calculate 2 + (8 - (-4 + 8)) - 2.
4
What is the value of -3 + -2 + (-5 - -11)?
1
Evaluate -6 + (4 - (7 + -12)).
3
What is the value of -3 + 0 - (-11 + 4)?
4
What is the value of (0 - (17 + -7)) + 7?
-3
Calculate -10 + 14 + (-3 - -1).
2
What is the value of -4 + 2 + 9 - 1?
6
Evaluate (11 - 13 - 8) + 10.
0
What is the value of 1 + 1 - (-1 - (1 + -3))?
1
What is -7 - (-6 + -1 + 3)?
-3
What is 3 - (7 - 7) - 5?
-2
What is -59 + 62 + (2 - 14)?
-9
Calculate 2 + 2 + (-6 - (-1 - 0)).
-1
-5 + (-1 - (-1 - 0))
-5
Evaluate (-2 - (-12 + (1 - -1))) + -4.
4
Calculate 0 - ((4 - 3) + -1).
0
What is -2 + -4 + 26 + -19?
1
Evaluate 127 - 138 - (1 - 4).
-8
What is the value of 10 + -14 + (-1 - -4) - 2?
-3
1 + 5 + -2 - 4
0
Evaluate (0 + 3 + -2 - 4) + 2.
-1
Evaluate (1 - 1) + (7 - 5) + 2.
4
Calculate -1 + 1 + -5 + 6 + -3.
-2
What is 4 + (-12 - -5) - -2 - -4?
3
What is (1 - 1) + (-10 - (-6 - 2))?
-2
Calculate 0 - (-3 - ((0 - 3) + -1)).
-1
What is -3 + (18 - 12) + (-2 - 0)?
1
What is the value of -6 + 1 - (-5 - 0)?
0
Calculate (-6 - (-7 - 5)) + -6 - -4.
4
Evaluate -4 + 5 + 4 + 1 + -3.
3
What is the value of -6 - (1 + -17 + 5)?
5
Evaluate 1 + -11 + 3 - (0 + -5).
-2
What is the value of -13 + (-3 - (-16 + 6))?
-6
(3 - 7 - -9) + -4 + 1
2
What is the value of -2 - (2 + (-4 - 1))?
1
-1 + -9 - (21 - 26)
-5
What is the value of (4 - 6) + -3 + 2?
-3
What is -6 - (9 + -25) - 1?
9
What is the value of (-5 - (-5 + -5 + 5)) + -4?
-4
What is the value of 1 + (-3 - 1 - -1 - -9)?
7
Calculate -5 + 3 + 5 + -8.
-5
Calculate -7 + 2 + (3 - (-2 + 3)).
-3
-6 - -4 - (0 - -5)
-7
Evaluate -6 - 2 - (27 - 32).
-3
Calculate -5 + 5 + -3 + 4 + -5.
-4
3 + -9 - (-8 + 1)
1
Evaluate -7 + 0 - (11 - 15).
-3
Evaluate (22 - 24) + (-1 - 0 - -5).
2
Calculate 0 + (0 - (0 + -4 + 7)).
-3
What is -11 + 13 + (-1 - 1)?
0
Evaluate (-6 - -3) + 4 + -4 + -2.
-5
Calculate -86 + 85 + (4 + 1 - 0).
4
Evaluate 0 - 5 - (13 + -18) - 6.
-6
Calculate 5 + (4 - (1 + 6)).
2
What is -11 - (3 - 16) - (2 + -2)?
2
Evaluate 12 + (0 - -2) + 6 + -11.
9
What is the value of 3 + 4 + (-6 - -3)?
4
Calculate (-3 - 1) + 1 - (-3 + 4).
-4
Evaluate -7 + 6 + (0 - 0 - 0).
-1
Calculate -5 - (-10 + (5 - 10 - -11)).
-1
What is (1 - 1 - -3) + 1 + -5?
-1
What is the value of -2 - (5 + (-4 - 5) - -6)?
-4
What is -6 - (-12 + -1 + 2 + 4)?
1
What is the value of (-2 - 0 - -2 - 1) + 3?
2
What is the value of -28 - -24 - (-1 - 1)?
-2
Calculate (-5 + 10 - (4 - 1)) + -6.
-4
(6 - 9) + -1 - -6
2
Evaluate -16 + 11 + 11 + -10.
-4
Evaluate 1 + 3 - (4 + 2 - 6).
4
-2 + 3 + 3 - (-3 + 9)
-2
Evaluate 5 - (2 - -7 - 4).
0
Calculate 4 + -2 + -4 + 3 + 0.
1
Calculate -3 - (-7 + 4 - 2).
2
Evaluate -4 + 2 - (13 - 11).
-4
Calculate (5 - -5) + (2 - 5) - 3.
4
What is the value of 1 + 1 + 1 + -2?
1
Evaluate (2 - 3) + (6 - 0).
5
7 + (-3 + 7 - 14)
-3
Evaluate 5 + -4 - (0 + 1).
0
What is -1 + 2 + (3 - (-4 - -6))?
2
(-8 - -5) + -1 + 0
-4
What is 20 + -19 - (0 - 3)?
4
What is -2 + 5 + -13 + 5?
-5
What is the value of 72 + -76 - (-4 + 2)?
-2
Calculate 6 + -9 - (-2 + -2).
1
Calculate 2 - ((-4 - -4) + 4).
-2
What is the value of 3 - ((0 - -5 - 8) + 6)?
0
What is the value of (1 - -3) + -7 + 7?
4
What is (-5 + -3 - -6) + -3?
-5
6 + -12 + 5 - 3
-4
What is the value of 2 - (1 - (-1 + 3))?
3
Calculate -2 + 1 + -3 - (1 + -2).
-3
5 - 0 - (5 - (5 + 0))
5
Calculate (8 - 6) + -3 - (1 - -6).
-8
Evaluate 5 - (10 - 5 - 0).
0
What is the value of 0 - -16 - (11 - 4)?
9
Evaluate (6 - (-1 + 5)) + 1.
3
What is the value of 0 - (1 + 1 - (10 - 9))?
-1
What is the value of -4 + 7 + (-14 - -9)?
-2
What is -11 + 5 + 4 - -3 - 4?
-3
Evaluate 23 + -20 + (9 - 2).
10
Calculate -3 + 2 - -10 - (12 + -6).
3
Evaluate -1 + -4 + 0 - (105 - 106).
-4
Calculate -3 + (13 - 8) + (-4 - -4).
2
What is the value of (-5 - (3 + -2)) + (3 - 1)?
-4
What is the value of -1 + (1 - 0) + (-219 - -212)?
-7
What is the value of -1 - 0 - (11 - 11)?
-1
(3 - (2 + 2)) + -3 + 0
-4
15 - (-1 + 1 + 7)
8
Evaluate -7 + (-11 - -10) + 3.
-5
Calculate 3 + 0 - (0 + 3).
0
What is the value of (0 - 4 - 1) + 6?
1
Evaluate -5 + (0 - 2) + 3 + 1.
-3
What is the value of -2 + (3 - -4) + -4?
1
What is the value of (-2 + -1 - (-33 + 33)) + -3?
-6
Calculate 1 - (-2 + 6 + 2).
-5
Evaluate -1 - (-5 + -2) - 7.
-1
-2 + (12 - 5) - (-1 - -6)
0
Evaluate 1 - (-1 + 0) - 5 - 1.
-4
Calculate 17 + 8 + -8 + -8.
9
-2 - (3 + -5 - 3)
3
What is the value of -3 - ((5 - 0) + -5)?
-3
-10 - (-10 + -4 + 12)
-8
What is -3 + (31 - 28 - (6 + -1))?
-5
Evaluate 1 + -4 + (4 - (-13 - -13)).
1
What is 15 - (1 + 9) - -4?
9
(7 - -5 - 5) + -4
3
-9 - (-12 - (-4 + 2))
1
What is 0 - (-7 + 3) - 1 - -2?
5
Calculate -1 + 4 - (-35 - -43).
-5
Evaluate -1 + -6 + (-4 + -19 - -23).
-7
What is (-6 - -1) + 11 + -3?
3
What is the value of 22 + -14 - (2 - -7)?
-1
Evaluate 3 + (-6 - (-3 - 3)).
3
What is the value of -5 - (3 - 3 - 10)?
5
What is the value of 12 + (6 - 11) + -4?
3
What is -1 + 2 + -2 + -2 + 3?
0
(-1 + 2 - (-7 - -2)) + -2
4
Evaluate (15 - 3) + -25 - -8.
-5
What is the value of 0 - (-2 - 2) - (-9 - -9)?
4
Evaluate 3 + 1 - (1 - (2 + -6)).
-1
What is 0 - (-3 + (2 - -5))?
-4
Calculate -4 + 1 + -1 - (-2 + -6).
4
What is 42 + -29 + (1 - 11)?
3
What is 5 + 0 + (-16 - -10 - 0)?
-1
11 + -11 + 12 + -11
1
-3 + -1 + -1 - 0
-5
-7 + 7 + (1 - (1 + 2))
-2
What is -8 + (6 - 8 - -8)?
-2
-14 + (2 - -4) - (-1 - 0)
-7
Evaluate -5 + 6 - -1 - 4.
-2
What is the value of -28 - -16 - (1 - 11)?
-2
What is 5 - 3 - (2 - (-4 + 1))?
-3
What is the value of 4 - (-12 - -11) - -4?
9
Evaluate 1 + 11 - (13 - 0)